omposite number?
False
Is 426691 prime?
True
Is 179093 a prime number?
False
Is 731 composite?
True
Is 1249 composite?
False
Is 71653 a prime number?
False
Is 64109 a composite number?
False
Is 56237 composite?
False
Is 1507 a prime number?
False
Is 177819 a prime number?
False
Is 2935 a prime number?
False
Is 326831 a prime number?
True
Is 1376495 composite?
True
Is 52427 a prime number?
False
Is 4127 composite?
False
Is 43477 a prime number?
False
Is 14429 prime?
False
Is 10061 prime?
True
Is 26513 prime?
True
Is 79451 a prime number?
True
Is 8147 prime?
True
Is 105373 composite?
False
Is 151091 composite?
False
Is 28999 prime?
False
Is 303271 a prime number?
True
Is 83177 composite?
False
Is 8843 prime?
False
Is 73637 a prime number?
True
Is 91207 composite?
True
Is 30127 prime?
False
Is 43201 prime?
True
Is 639161 a prime number?
False
Is 9871 a composite number?
False
Is 476962 composite?
True
Is 672071 prime?
False
Is 1532281 a prime number?
False
Is 11569 prime?
False
Is 28843 composite?
False
Is 193357 prime?
True
Is 1823 prime?
True
Is 2455 a composite number?
True
Is 4377 composite?
True
Is 20569 prime?
False
Is 1831 a composite number?
False
Is 109493 a composite number?
True
Is 13361 prime?
False
Is 449987 a composite number?
False
Is 8219 a prime number?
True
Is 5549 prime?
False
Is 294199 composite?
False
Is 124213 a prime number?
True
Is 326279 a prime number?
False
Is 23367 composite?
True
Is 1373611 prime?
True
Is 65321 composite?
True
Is 25219 prime?
True
Is 1564645 prime?
False
Is 218587 composite?
True
Is 613897 prime?
False
Is 50867 prime?
True
Is 279403 a prime number?
False
Is 211559 a composite number?
False
Is 905033 prime?
False
Is 1078229 prime?
False
Is 58411 prime?
True
Is 54673 a composite number?
False
Is 458909 a composite number?
True
Is 16741 a prime number?
True
Is 184629 a prime number?
False
Is 20053 composite?
True
Is 262 a prime number?
False
Is 32999 a prime number?
True
Is 75913 a prime number?
True
Is 20579 composite?
True
Is 19489 composite?
False
Is 12347 prime?
True
Is 283835 a composite number?
True
Is 4399 composite?
True
Is 203 composite?
True
Is 19693 a composite number?
True
Is 10771 prime?
True
Is 1746991 prime?
True
Is 2078971 a composite number?
False
Is 1939 a prime number?
False
Is 71119 a prime number?
True
Is 104893 a composite number?
True
Is 452731 a composite number?
False
Is 499399 prime?
False
Is 2880649 composite?
False
Is 326 a prime number?
False
Is 51383 prime?
True
Is 1009 composite?
False
Is 33391 a prime number?
True
Is 407773 a composite number?
True
Is 6609 composite?
True
Is 7633 a prime number?
False
Is 1219 a prime number?
False
Is 66883 prime?
True
Is 1180835 a composite number?
True
Is 35201 a prime number?
True
Is 20593 a composite number?
False
Is 262583 a composite number?
False
Is 6187 prime?
False
Is 1163 composite?
False
Is 221549 prime?
True
Is 16917 prime?
False
Is 9491 a composite number?
False
Is 896717 composite?
False
Is 163927 composite?
False
Is 8981 composite?
True
Is 14803 a composite number?
True
Is 13637 prime?
False
Is 74567 a composite number?
False
Is 12443 a composite number?
True
Is 446951 composite?
False
Is 1081 prime?
False
Is 70823 a composite number?
False
Is 252283 a composite number?
False
Is 25001 a composite number?
True
Is 32773 prime?
False
Is 616243 composite?
False
Is 4666 composite?
True
Is 714613 composite?
True
Is 486833 composite?
False
Is 69253 composite?
True
Is 156451 composite?
True
Is 977 composite?
False
Is 12301 a composite number?
False
Is 117641 composite?
True
Is 73487 a composite number?
True
Is 1260577 composite?
False
Is 3161 a composite number?
True
Is 98297 prime?
True
Is 43469 a prime number?
False
Is 27143 composite?
False
Is 11743 a composite number?
False
Is 348689 a prime number?
False
Is 79111 a prime number?
True
Is 118702 a composite number?
True
Is 29031 a composite number?
True
Is 839413 composite?
False
Is 313399 a prime number?
True
Is 143047 a composite number?
True
Is 79481 a prime number?
True
Is 248042 a composite number?
True
Is 83059 a prime number?
True
Is 33121 a composite number?
True
Is 2149 a prime number?
False
Is 5489 composite?
True
Is 38473 prime?
False
Is 899491 composite?
False
Is 57115 composite?
True
Is 51253 a composite number?
True
Is 767797 prime?
False
Is 36599 prime?
True
Is 305621 a prime number?
True
Is 22867 a composite number?
True
Is 196139 a composite number?
False
Is 171317 a prime number?
True
Is 3629 a prime number?
False
Is 11203 composite?
True
Is 21379 composite?
False
Is 200771 a prime number?
True
Is 1329307 a composite number?
True
Is 474319 a prime number?
True
Is 60549 a composite number?
True
Is 31379 composite?
False
Is 761 a prime number?
True
Is 1188471 composite?
True
Is 31013 composite?
False
Is 27923 a prime number?
False
Is 4916413 a prime number?
True
Is 133313 a prime number?
False
Is 5531 a prime number?
True
Is 231247 a composite number?
True
Is 1032593 prime?
False
Is 313961 a prime number?
True
Is 2252015 prime?
False
Is 6499 a composite number?
True
Is 3977 composite?
True
Is 12553 composite?
False
Is 1009 composite?
False
Is 77114 a prime number?
False
Is 24577 a composite number?
True
Is 1194221 composite?
True
Is 25153 prime?
True
Is 429431 prime?
True
Is 72509 prime?
False
Is 12827 prime?
False
Is 71569 a composite number?
False
Is 202799 a prime number?
True
Is 16449 a composite number?
True
Is 439081 a prime number?
True
Is 134114 composite?
True
Is 6791 composite?
False
Is 5923 composite?
False
Is 41799 prime?
False
Is 7558 composite?
True
Is 61837 a composite number?
False
Is 8537 composite?
False
Is 251 composite?
False
Is 2547211 a prime number?
True
Is 223699 prime?
False
Is 75931 prime?
True
Is 4629 prime?
False
Is 29789 prime?
True
Is 164317 a composite number?
True
Is 1032167 a prime number?
False
Is 710207 composite?
False
Is 288237 a prime number?
False
Is 56081 a composite number?
False
Is 39335 composite?
True
Is 101917 prime?
True
Is 85513 a prime number?
True
Is 308777 a composite number?
True
Is 17669 prime?
True
Is 4481 a prime number?
True
Is 197269 prime?
True
Is 15409 prime?
False
Is 19553 a composite number?
False
Is 13217 composite?
False
Is 49991 prime?
True
Is 1909 prime?
False
Is 2957 a prime number?
True
Is 289063 prime?
True
Is 2203 a composite number?
False
Is 129379 composite?
False
Is 156577 prime?
True
Is 4343 a prime number?
False
Is 19069 composite?
False
Is 5981 prime?
True
Is 9197 a composite number?
True
Is 1409 a composite number?
False
Is 300127 a prime number?
False
Is 520837 prime?
True
Is 12373 prime?
True
Is 9407 a composite number?
True
Is 13517 a composite number?
True
Is 2702797 prime?
False
Is 84787 composite?
False
Is 12701 a composite number?
True
Is 289585 a prime number?
False
Is 55934 prime?
False
Is 2167 prime?
False
Is 57115 prime?
False
Is 157 a composite number?
False
Is 24749 a prime number?
True
Is 328919 prime?
True
Is 990497 prime?
True
Is 857099 a prime number?
True
Is 13579 prime?
False
Is 1861969 a composite number?
True
Is 313135 composite?
True
Is 130441 a composite number?
True
Is 1502 prime?
False
Is 41039 composite?
False
Is 7997 a composite number?
True
Is 30665 a prime number?
False
Is 32441 composite?
False
Is 2178861 composite?
True
Is 14909 a composite number?
True
Is 2916011 a composite number?
True
Is 574003 composite?
False
Is 809479 composite?
True
Is 2173 composite?
True
Is 3622 a composite number?
True
Is 64265 prime?
False
Is 516707 composite?
True
Is 261343 a composite number?
True
Is 5089 composite?
True
Is 1643765 composite?
True
Is 20751 composite?
True
Is 115309 a prime number?
True
Is 11246 a composite number?
True
Is 145421 a prime number?
False
Is 14347 a prime number?
True
Is 212413 composite?
True
Is 13441 prime?
True
Is 291209 composite?
False
Is 17067 prime?
False
Is 1320733 a prime number?
False
Is 902509 prime?
False
Is 623 prime?
False
Is 135799 a prime number?
True
Is 23189 a prime number?
True
Is 180907 composite?
False
Is 737809 a prime number?
True
Is 801947 a prime number?
True
Is 15997 a prime number?
False
Is 656113 a composite number?
False
Is 64063 composite?
False
Is 53243 a prime number?
False
Is 4553 a composite number?
True
Is 7151 a